{"id":2449,"date":"2022-11-02T18:32:52","date_gmt":"2022-11-02T21:32:52","guid":{"rendered":"https:\/\/isfd160-bue.infd.edu.ar\/sitio\/?page_id=2449"},"modified":"2024-12-02T15:29:22","modified_gmt":"2024-12-02T18:29:22","slug":"centro-de-estudiantes","status":"publish","type":"page","link":"https:\/\/isfd160-bue.infd.edu.ar\/sitio\/centro-de-estudiantes\/","title":{"rendered":"CENTRO DE ESTUDIANTES"},"content":{"rendered":"\n<p>Somos el \u00f3rgano natural de representaci\u00f3n, participaci\u00f3n, discusi\u00f3n, y organizaci\u00f3n de los estudiantes. Nuestro objetivo es mejorar la calidad y experiencia de estudio de los alumnos del ISFDyT N\u00b0160, como as\u00ed tambi\u00e9n promover los ideales de igualdad, solidaridad, lealtad, libertad, democracia, justicia, y no discriminaci\u00f3n. <\/p>\n\n\n\n<p>\u00a1Los invitamos a unirse, formando parte de la gesti\u00f3n del CE! Apoyar las actividades del Centro es la mejor forma de retribuir nuestro trabajo voluntario. <\/p>\n\n\n\n<p>A continuaci\u00f3n, podr\u00e1n ver c\u00f3mo est\u00e1 conformada la comisi\u00f3n directiva y sus representantes de cada carrera.<\/p>\n\n\n\n<p class=\"has-text-align-center\">Les presentamos a los integrantes del Centro de Estudiantes 2024:<\/p>\n\n\n\n<div class=\"alignnormal\"><div id=\"metaslider-id-3047\" style=\"max-width: 600px; margin: 0 auto;\" class=\"ml-slider-3-33-0 metaslider metaslider-flex metaslider-3047 ml-slider ms-theme-default\" role=\"region\" aria-roledescription=\"Slideshow\" aria-label=\"Slideshow\">\n    <div id=\"metaslider_container_3047\">\n        <div id=\"metaslider_3047\" class=\"flexslider\">\n            <ul aria-live=\"polite\" class=\"slides\">\n                <li style=\"display: block; width: 100%;\" class=\"slide-3089 ms-image\" aria-roledescription=\"slide\" aria-label=\"slide-3089\"><img width=\"1080\" height=\"1080\" src=\"https:\/\/isfd160-bue.infd.edu.ar\/sitio\/wp-content\/uploads\/2023\/11\/WhatsApp-Image-2023-11-30-at-18.27.49-2.jpeg\" class=\"slider-3047 slide-3089\" alt=\"\" decoding=\"async\" loading=\"lazy\" rel=\"\" title=\"WhatsApp Image 2023-11-30 at 18.27.49 (2)\" srcset=\"https:\/\/isfd160-bue.infd.edu.ar\/sitio\/wp-content\/uploads\/2023\/11\/WhatsApp-Image-2023-11-30-at-18.27.49-2.jpeg 1080w, https:\/\/isfd160-bue.infd.edu.ar\/sitio\/wp-content\/uploads\/2023\/11\/WhatsApp-Image-2023-11-30-at-18.27.49-2-1000x1000.jpeg 1000w, https:\/\/isfd160-bue.infd.edu.ar\/sitio\/wp-content\/uploads\/2023\/11\/WhatsApp-Image-2023-11-30-at-18.27.49-2-500x500.jpeg 500w, https:\/\/isfd160-bue.infd.edu.ar\/sitio\/wp-content\/uploads\/2023\/11\/WhatsApp-Image-2023-11-30-at-18.27.49-2-768x768.jpeg 768w\" sizes=\"(max-width: 1080px) 100vw, 1080px\" \/><\/li>\n                <li style=\"display: none; width: 100%;\" class=\"slide-3090 ms-image\" aria-roledescription=\"slide\" aria-label=\"slide-3090\"><img width=\"1080\" height=\"1080\" src=\"https:\/\/isfd160-bue.infd.edu.ar\/sitio\/wp-content\/uploads\/2023\/11\/WhatsApp-Image-2023-11-30-at-18.27.49-1.jpeg\" class=\"slider-3047 slide-3090\" alt=\"\" decoding=\"async\" loading=\"lazy\" rel=\"\" title=\"WhatsApp Image 2023-11-30 at 18.27.49 (1)\" srcset=\"https:\/\/isfd160-bue.infd.edu.ar\/sitio\/wp-content\/uploads\/2023\/11\/WhatsApp-Image-2023-11-30-at-18.27.49-1.jpeg 1080w, https:\/\/isfd160-bue.infd.edu.ar\/sitio\/wp-content\/uploads\/2023\/11\/WhatsApp-Image-2023-11-30-at-18.27.49-1-1000x1000.jpeg 1000w, https:\/\/isfd160-bue.infd.edu.ar\/sitio\/wp-content\/uploads\/2023\/11\/WhatsApp-Image-2023-11-30-at-18.27.49-1-500x500.jpeg 500w, https:\/\/isfd160-bue.infd.edu.ar\/sitio\/wp-content\/uploads\/2023\/11\/WhatsApp-Image-2023-11-30-at-18.27.49-1-768x768.jpeg 768w\" sizes=\"(max-width: 1080px) 100vw, 1080px\" \/><\/li>\n                <li style=\"display: none; width: 100%;\" class=\"slide-3091 ms-image\" aria-roledescription=\"slide\" aria-label=\"slide-3091\"><img width=\"1080\" height=\"1080\" src=\"https:\/\/isfd160-bue.infd.edu.ar\/sitio\/wp-content\/uploads\/2023\/11\/WhatsApp-Image-2023-11-30-at-18.27.49.jpeg\" class=\"slider-3047 slide-3091\" alt=\"\" decoding=\"async\" loading=\"lazy\" rel=\"\" title=\"WhatsApp Image 2023-11-30 at 18.27.49\" srcset=\"https:\/\/isfd160-bue.infd.edu.ar\/sitio\/wp-content\/uploads\/2023\/11\/WhatsApp-Image-2023-11-30-at-18.27.49.jpeg 1080w, https:\/\/isfd160-bue.infd.edu.ar\/sitio\/wp-content\/uploads\/2023\/11\/WhatsApp-Image-2023-11-30-at-18.27.49-1000x1000.jpeg 1000w, https:\/\/isfd160-bue.infd.edu.ar\/sitio\/wp-content\/uploads\/2023\/11\/WhatsApp-Image-2023-11-30-at-18.27.49-500x500.jpeg 500w, https:\/\/isfd160-bue.infd.edu.ar\/sitio\/wp-content\/uploads\/2023\/11\/WhatsApp-Image-2023-11-30-at-18.27.49-768x768.jpeg 768w\" sizes=\"(max-width: 1080px) 100vw, 1080px\" \/><\/li>\n            <\/ul>\n        <\/div>\n        \n    <\/div>\n<\/div><\/div>\n\n\n\n<p>Informaci\u00f3n de contacto: <\/p>\n\n\n\n<ul class=\"wp-block-social-links is-layout-flex\"><li class=\"wp-social-link wp-social-link-mail wp-block-social-link\"><a href=\"mailto:centrodestudiantes160@gmail.com\" class=\"wp-block-social-link-anchor\"><svg width=\"24\" height=\"24\" viewBox=\"0 0 24 24\" version=\"1.1\" xmlns=\"http:\/\/www.w3.org\/2000\/svg\" aria-hidden=\"true\" focusable=\"false\"><path d=\"M20,4H4C2.895,4,2,4.895,2,6v12c0,1.105,0.895,2,2,2h16c1.105,0,2-0.895,2-2V6C22,4.895,21.105,4,20,4z M20,8.236l-8,4.882 L4,8.236V6h16V8.236z\"><\/path><\/svg><span class=\"wp-block-social-link-label screen-reader-text\">Mail<\/span><\/a><\/li>\n\n<li class=\"wp-social-link wp-social-link-instagram wp-block-social-link\"><a href=\"https:\/\/www.instagram.com\/centroestudiantes_isfdyt160\/\" class=\"wp-block-social-link-anchor\"><svg width=\"24\" height=\"24\" viewBox=\"0 0 24 24\" version=\"1.1\" xmlns=\"http:\/\/www.w3.org\/2000\/svg\" aria-hidden=\"true\" focusable=\"false\"><path d=\"M12,4.622c2.403,0,2.688,0.009,3.637,0.052c0.877,0.04,1.354,0.187,1.671,0.31c0.42,0.163,0.72,0.358,1.035,0.673 c0.315,0.315,0.51,0.615,0.673,1.035c0.123,0.317,0.27,0.794,0.31,1.671c0.043,0.949,0.052,1.234,0.052,3.637 s-0.009,2.688-0.052,3.637c-0.04,0.877-0.187,1.354-0.31,1.671c-0.163,0.42-0.358,0.72-0.673,1.035 c-0.315,0.315-0.615,0.51-1.035,0.673c-0.317,0.123-0.794,0.27-1.671,0.31c-0.949,0.043-1.233,0.052-3.637,0.052 s-2.688-0.009-3.637-0.052c-0.877-0.04-1.354-0.187-1.671-0.31c-0.42-0.163-0.72-0.358-1.035-0.673 c-0.315-0.315-0.51-0.615-0.673-1.035c-0.123-0.317-0.27-0.794-0.31-1.671C4.631,14.688,4.622,14.403,4.622,12 s0.009-2.688,0.052-3.637c0.04-0.877,0.187-1.354,0.31-1.671c0.163-0.42,0.358-0.72,0.673-1.035 c0.315-0.315,0.615-0.51,1.035-0.673c0.317-0.123,0.794-0.27,1.671-0.31C9.312,4.631,9.597,4.622,12,4.622 M12,3 C9.556,3,9.249,3.01,8.289,3.054C7.331,3.098,6.677,3.25,6.105,3.472C5.513,3.702,5.011,4.01,4.511,4.511 c-0.5,0.5-0.808,1.002-1.038,1.594C3.25,6.677,3.098,7.331,3.054,8.289C3.01,9.249,3,9.556,3,12c0,2.444,0.01,2.751,0.054,3.711 c0.044,0.958,0.196,1.612,0.418,2.185c0.23,0.592,0.538,1.094,1.038,1.594c0.5,0.5,1.002,0.808,1.594,1.038 c0.572,0.222,1.227,0.375,2.185,0.418C9.249,20.99,9.556,21,12,21s2.751-0.01,3.711-0.054c0.958-0.044,1.612-0.196,2.185-0.418 c0.592-0.23,1.094-0.538,1.594-1.038c0.5-0.5,0.808-1.002,1.038-1.594c0.222-0.572,0.375-1.227,0.418-2.185 C20.99,14.751,21,14.444,21,12s-0.01-2.751-0.054-3.711c-0.044-0.958-0.196-1.612-0.418-2.185c-0.23-0.592-0.538-1.094-1.038-1.594 c-0.5-0.5-1.002-0.808-1.594-1.038c-0.572-0.222-1.227-0.375-2.185-0.418C14.751,3.01,14.444,3,12,3L12,3z M12,7.378 c-2.552,0-4.622,2.069-4.622,4.622S9.448,16.622,12,16.622s4.622-2.069,4.622-4.622S14.552,7.378,12,7.378z M12,15 c-1.657,0-3-1.343-3-3s1.343-3,3-3s3,1.343,3,3S13.657,15,12,15z M16.804,6.116c-0.596,0-1.08,0.484-1.08,1.08 s0.484,1.08,1.08,1.08c0.596,0,1.08-0.484,1.08-1.08S17.401,6.116,16.804,6.116z\"><\/path><\/svg><span class=\"wp-block-social-link-label screen-reader-text\">Instagram<\/span><\/a><\/li><\/ul>\n\n\n\n<p><\/p>\n\n\n\n<p><\/p>\n\n\n\n<p><\/p>\n\n\n\n<p> <\/p>\n","protected":false},"excerpt":{"rendered":"<p>Somos el \u00f3rgano natural de representaci\u00f3n, participaci\u00f3n, discusi\u00f3n, y organizaci\u00f3n de los estudiantes. Nuestro objetivo es mejorar la calidad y experiencia de estudio de los alumnos del ISFDyT N\u00b0160, como as\u00ed tambi\u00e9n promover los ideales de igualdad, solidaridad, lealtad, libertad, democracia, justicia, y no discriminaci\u00f3n. \u00a1Los invitamos a unirse, formando parte de la gesti\u00f3n del &#8230; <a title=\"CENTRO DE ESTUDIANTES\" class=\"read-more\" href=\"https:\/\/isfd160-bue.infd.edu.ar\/sitio\/centro-de-estudiantes\/\" aria-label=\"More on CENTRO DE ESTUDIANTES\">[+]<\/a><\/p>\n","protected":false},"author":1690,"featured_media":0,"parent":0,"menu_order":0,"comment_status":"closed","ping_status":"closed","template":"","meta":[],"acf":[],"_links":{"self":[{"href":"https:\/\/isfd160-bue.infd.edu.ar\/sitio\/wp-json\/wp\/v2\/pages\/2449"}],"collection":[{"href":"https:\/\/isfd160-bue.infd.edu.ar\/sitio\/wp-json\/wp\/v2\/pages"}],"about":[{"href":"https:\/\/isfd160-bue.infd.edu.ar\/sitio\/wp-json\/wp\/v2\/types\/page"}],"author":[{"embeddable":true,"href":"https:\/\/isfd160-bue.infd.edu.ar\/sitio\/wp-json\/wp\/v2\/users\/1690"}],"replies":[{"embeddable":true,"href":"https:\/\/isfd160-bue.infd.edu.ar\/sitio\/wp-json\/wp\/v2\/comments?post=2449"}],"version-history":[{"count":14,"href":"https:\/\/isfd160-bue.infd.edu.ar\/sitio\/wp-json\/wp\/v2\/pages\/2449\/revisions"}],"predecessor-version":[{"id":3353,"href":"https:\/\/isfd160-bue.infd.edu.ar\/sitio\/wp-json\/wp\/v2\/pages\/2449\/revisions\/3353"}],"wp:attachment":[{"href":"https:\/\/isfd160-bue.infd.edu.ar\/sitio\/wp-json\/wp\/v2\/media?parent=2449"}],"curies":[{"name":"wp","href":"https:\/\/api.w.org\/{rel}","templated":true}]}}