{"id":1810,"date":"2022-03-07T18:24:16","date_gmt":"2022-03-07T21:24:16","guid":{"rendered":"https:\/\/isfd160-bue.infd.edu.ar\/sitio\/?page_id=1810"},"modified":"2026-03-11T19:07:56","modified_gmt":"2026-03-11T22:07:56","slug":"tecnicatura-superior-en-turismo","status":"publish","type":"page","link":"https:\/\/isfd160-bue.infd.edu.ar\/sitio\/tecnicatura-superior-en-turismo\/","title":{"rendered":"Tecnicatura Superior en Turismo (Res. 2686\/20)"},"content":{"rendered":"<div class=\"wp-block-image\">\n<figure class=\"alignright size-full is-resized\"><img decoding=\"async\" loading=\"lazy\" src=\"https:\/\/isfd160-bue.infd.edu.ar\/sitio\/wp-content\/uploads\/2025\/11\/Post-de-Instagram-ilustrado-floreado-invitacion-cumpleanos-mujer-rosa-2.png\" alt=\"\" class=\"wp-image-3492\" width=\"400\" height=\"400\" srcset=\"https:\/\/isfd160-bue.infd.edu.ar\/sitio\/wp-content\/uploads\/2025\/11\/Post-de-Instagram-ilustrado-floreado-invitacion-cumpleanos-mujer-rosa-2.png 1080w, https:\/\/isfd160-bue.infd.edu.ar\/sitio\/wp-content\/uploads\/2025\/11\/Post-de-Instagram-ilustrado-floreado-invitacion-cumpleanos-mujer-rosa-2-1000x1000.png 1000w, https:\/\/isfd160-bue.infd.edu.ar\/sitio\/wp-content\/uploads\/2025\/11\/Post-de-Instagram-ilustrado-floreado-invitacion-cumpleanos-mujer-rosa-2-500x500.png 500w, https:\/\/isfd160-bue.infd.edu.ar\/sitio\/wp-content\/uploads\/2025\/11\/Post-de-Instagram-ilustrado-floreado-invitacion-cumpleanos-mujer-rosa-2-768x768.png 768w\" sizes=\"(max-width: 400px) 100vw, 400px\" \/><\/figure><\/div>\n\n\n<ul>\n<li><strong>REQUISITOS DE INGRESO:<\/strong><\/li>\n<\/ul>\n\n\n\n<p>&nbsp;1)&nbsp;&nbsp;&nbsp;&nbsp;&nbsp; Haber completado los estudios de Nivel Medio\/Polimodal\/Secundario.<\/p>\n\n\n\n<p>&nbsp;2)&nbsp;&nbsp;&nbsp;&nbsp;&nbsp; Inscribirse en tiempo y forma.<\/p>\n\n\n\n<p>\u00a03)      Participar de la Charla\/Taller inicial del R\u00e9gimen Acad\u00e9mico Marco.<\/p>\n\n\n\n<ul>\n<li><strong>PREINSCRIPCI\u00d3N ONLINE: <\/strong><a href=\"https:\/\/forms.gle\/vr1WmP1Qw5kJw9rn7\" data-type=\"URL\" data-id=\"https:\/\/forms.gle\/vr1WmP1Qw5kJw9rn7\" target=\"_blank\" rel=\"noreferrer noopener\">COMPLETAR AQU\u00cd<\/a><\/li>\n<\/ul>\n\n\n\n<ul>\n<li><strong>PARA FORMALIZAR LA INSCRIPCI\u00d3N  DEBER\u00c1 PRESENTAR LA SIGUIENTE DOCUMENTACI\u00d3N:<\/strong><\/li>\n<\/ul>\n\n\n\n<p>&nbsp; 1) &nbsp;Fotocopia del Certificado anal\u00edtico de estudios, con N\u00famero de Registro en la Provincia de Buenos Aires. Si el certificado a\u00fan est\u00e1 en tr\u00e1mite: constancia de certificado anal\u00edtico en tr\u00e1mite. Esta constancia tiene una vigencia de 30 d\u00edas, por lo cual, deber\u00e1 renovarla hasta la entrega del certificado correspondiente.<\/p>\n\n\n\n<p>&nbsp;2) &nbsp;Fotocopia de D.N.I.<\/p>\n\n\n\n<p>&nbsp;3) &nbsp;Certificado de aptitud psico-f\u00edsica, firmado por un profesional m\u00e9dico.<\/p>\n\n\n\n<p> 4) &nbsp;Dos &nbsp;fotos tipo carnet.<\/p>\n\n\n\n<p>5) Planilla de inscripci\u00f3n completa <a href=\"https:\/\/drive.google.com\/file\/d\/1vVgbYcxgN8cWJN-GhjnJIuTJQY0Hz9FC\/view?usp=sharing\" data-type=\"URL\" data-id=\"https:\/\/drive.google.com\/file\/d\/1vVgbYcxgN8cWJN-GhjnJIuTJQY0Hz9FC\/view?usp=sharing\" target=\"_blank\" rel=\"noreferrer noopener\">PLANILLA DE INSCRIPCI\u00d3N<\/a> (clic en el enlace para descargar la planilla y completarla)<\/p>\n\n\n\n<p>6) &nbsp; Entregar toda la documentaci\u00f3n en carpeta 3 solapas.&nbsp;<\/p>\n\n\n\n<ul>\n<li><strong>Tecnicatura Superior en Turismo&nbsp; (COLOR CELESTE)<\/strong><\/li>\n<\/ul>\n\n\n\n<p class=\"has-text-align-center\"><strong><em>Oportunamente &nbsp;se informar\u00e1 sobre los d\u00edas y horarios en los que deber\u00e1 concurrir a realizar el Curso Inicial obligatorio que deben realizar los aspirantes.<\/em><\/strong><\/p>\n\n\n<div class=\"wp-block-image\">\n<figure class=\"aligncenter size-large is-resized\"><img decoding=\"async\" loading=\"lazy\" src=\"https:\/\/isfd160-bue.infd.edu.ar\/sitio\/wp-content\/uploads\/2025\/11\/Plan-de-estudio-6-760x1900.png\" alt=\"\" class=\"wp-image-3547\" width=\"380\" height=\"950\" srcset=\"https:\/\/isfd160-bue.infd.edu.ar\/sitio\/wp-content\/uploads\/2025\/11\/Plan-de-estudio-6-760x1900.png 760w, https:\/\/isfd160-bue.infd.edu.ar\/sitio\/wp-content\/uploads\/2025\/11\/Plan-de-estudio-6-400x1000.png 400w, https:\/\/isfd160-bue.infd.edu.ar\/sitio\/wp-content\/uploads\/2025\/11\/Plan-de-estudio-6-768x1920.png 768w, https:\/\/isfd160-bue.infd.edu.ar\/sitio\/wp-content\/uploads\/2025\/11\/Plan-de-estudio-6-614x1536.png 614w, https:\/\/isfd160-bue.infd.edu.ar\/sitio\/wp-content\/uploads\/2025\/11\/Plan-de-estudio-6.png 800w\" sizes=\"(max-width: 380px) 100vw, 380px\" \/><\/figure><\/div>","protected":false},"excerpt":{"rendered":"<p>&nbsp;1)&nbsp;&nbsp;&nbsp;&nbsp;&nbsp; Haber completado los estudios de Nivel Medio\/Polimodal\/Secundario. &nbsp;2)&nbsp;&nbsp;&nbsp;&nbsp;&nbsp; Inscribirse en tiempo y forma. \u00a03) Participar de la Charla\/Taller inicial del R\u00e9gimen Acad\u00e9mico Marco. &nbsp; 1) &nbsp;Fotocopia del Certificado anal\u00edtico de estudios, con N\u00famero de Registro en la Provincia de Buenos Aires. Si el certificado a\u00fan est\u00e1 en tr\u00e1mite: constancia de certificado anal\u00edtico en tr\u00e1mite. &#8230; <a title=\"Tecnicatura Superior en Turismo (Res. 2686\/20)\" class=\"read-more\" href=\"https:\/\/isfd160-bue.infd.edu.ar\/sitio\/tecnicatura-superior-en-turismo\/\" aria-label=\"More on Tecnicatura Superior en Turismo (Res. 2686\/20)\">[+]<\/a><\/p>\n","protected":false},"author":1695,"featured_media":0,"parent":0,"menu_order":0,"comment_status":"closed","ping_status":"closed","template":"","meta":[],"acf":[],"_links":{"self":[{"href":"https:\/\/isfd160-bue.infd.edu.ar\/sitio\/wp-json\/wp\/v2\/pages\/1810"}],"collection":[{"href":"https:\/\/isfd160-bue.infd.edu.ar\/sitio\/wp-json\/wp\/v2\/pages"}],"about":[{"href":"https:\/\/isfd160-bue.infd.edu.ar\/sitio\/wp-json\/wp\/v2\/types\/page"}],"author":[{"embeddable":true,"href":"https:\/\/isfd160-bue.infd.edu.ar\/sitio\/wp-json\/wp\/v2\/users\/1695"}],"replies":[{"embeddable":true,"href":"https:\/\/isfd160-bue.infd.edu.ar\/sitio\/wp-json\/wp\/v2\/comments?post=1810"}],"version-history":[{"count":48,"href":"https:\/\/isfd160-bue.infd.edu.ar\/sitio\/wp-json\/wp\/v2\/pages\/1810\/revisions"}],"predecessor-version":[{"id":3584,"href":"https:\/\/isfd160-bue.infd.edu.ar\/sitio\/wp-json\/wp\/v2\/pages\/1810\/revisions\/3584"}],"wp:attachment":[{"href":"https:\/\/isfd160-bue.infd.edu.ar\/sitio\/wp-json\/wp\/v2\/media?parent=1810"}],"curies":[{"name":"wp","href":"https:\/\/api.w.org\/{rel}","templated":true}]}}