{"id":1207,"date":"2018-08-29T21:22:16","date_gmt":"2018-08-30T00:22:16","guid":{"rendered":"https:\/\/isfd160-bue.infd.edu.ar\/sitio\/art-114-k-y-l-examen-para-el-servcio-militar-por-servicio-militar\/"},"modified":"2022-03-09T21:06:38","modified_gmt":"2022-03-10T00:06:38","slug":"art-114-k-y-l-examen-para-el-servcio-militar-por-servicio-militar","status":"publish","type":"page","link":"https:\/\/isfd160-bue.infd.edu.ar\/sitio\/art-114-k-y-l-examen-para-el-servcio-militar-por-servicio-militar\/","title":{"rendered":"Art. 114. K. y L. Examen para el Servcio Militar. Por Servicio Militar."},"content":{"rendered":"<table border=\"0\">\n<tbody>\n<tr>\n<td style=\"background-color: #ff0000;\"><\/td>\n<td rowspan=\"7\">\u00a0<strong>\u00a0 Secretar\u00eda 160. Informaci\u00f3n Para Docentes.<\/strong><\/td>\n<\/tr>\n<tr>\n<td style=\"background-color: #3300ff;\"><\/td>\n<\/tr>\n<tr>\n<td style=\"background-color: #ffff00;\"><\/td>\n<\/tr>\n<\/tbody>\n<\/table>\n<p><strong><span style=\"font-size: 12pt; font-family: 'trebuchet ms', geneva; color: #008080;\">K) Por examen m\u00e9dico por incorporaci\u00f3n al servicio militar.<\/span><\/strong><\/p>\n<p><span style=\"font-size: 12pt; font-family: 'trebuchet ms', geneva; color: #008080;\"><strong>L )\u00a0\u00a0\u00a0\u00a0\u00a0\u00a0\u00a0 Por Servicio Militar Obligatorio o incorporaci\u00f3n a la reserva de las F.F.A.A.:<\/strong><\/span><\/p>\n<p style=\"text-align: justify;\">\u00a0<span style=\"font-size: 10pt; font-family: 'trebuchet ms', geneva;\"> <span style=\"color: #008080;\">l.1) Personal Titular, Provisional y Suplente:<\/span> Estos dos \u00faltimos, mientras dure su situaci\u00f3n de revista como tales: Se acordar\u00e1 esta Licencia por el t\u00e9rmino que dure su convocatoria, con goce del cincuenta por ciento (50%) de los haberes.<\/span><\/p>\n<p style=\"text-align: justify;\"><span style=\"font-size: 10pt; font-family: 'trebuchet ms', geneva;\">El Agente deber\u00e1 presentar el certificado de la Autoridad Militar correspondiente.<\/span><\/p>\n<p style=\"text-align: justify;\"><span style=\"font-size: 10pt; font-family: 'trebuchet ms', geneva;\">\u00a0l.2) Por incorporaci\u00f3n a la reserva de las F.F.A.A.<\/span><\/p>\n<p style=\"text-align: justify;\"><span style=\"font-size: 10pt; font-family: 'trebuchet ms', geneva;\"><span style=\"color: #008080;\">l.2.1) Personal Titular, Provisional o Suplente:<\/span> Estos dos \u00faltimos mientras dure su situaci\u00f3n de revista como tales: Cuando el Agente no perciba haberes, con goce \u00edntegro de haberes; cuando el Agente perciba una suma inferior a la que le corresponde: la diferencia hasta alcanzar ese monto; cuando la suma que perciba el Agente sea superior a la que le corresponde, sin goce de haberes.<\/span><\/p>\n<p style=\"text-align: justify;\"><span style=\"font-size: 10pt; font-family: 'trebuchet ms', geneva;\"><span style=\"color: #008080;\">\u00a0\u00a0 l.3) Producida la baja,<\/span> el Agente deber\u00e1 reanudar sus tareas dentro de los treinta (30) d\u00edas corridos. Esta circunstancia ser\u00e1 probada mediante la presentaci\u00f3n del DNI ante la autoridad escolar correspondiente, la que efectuar\u00e1 la respectiva comunicaci\u00f3n a la Direcci\u00f3n General de Escuelas y Cultura, a los efectos pertinentes. Si la baja tuviere lugar en per\u00edodos de vacaciones, el acto de toma de posesi\u00f3n se realizar\u00e1 ante las Autoridades del Consejo Escolar del Distrito en que se desempe\u00f1a.<\/span><\/p>\n","protected":false},"excerpt":{"rendered":"<p>\u00a0\u00a0 Secretar\u00eda 160. Informaci\u00f3n Para Docentes. K) Por examen m\u00e9dico por incorporaci\u00f3n al servicio militar. L )\u00a0\u00a0\u00a0\u00a0\u00a0\u00a0\u00a0 Por Servicio Militar Obligatorio o incorporaci\u00f3n a la reserva de las F.F.A.A.: \u00a0 l.1) Personal Titular, Provisional y Suplente: Estos dos \u00faltimos, mientras dure su situaci\u00f3n de revista como tales: Se acordar\u00e1 esta Licencia por el t\u00e9rmino que &#8230; <a title=\"Art. 114. K. y L. Examen para el Servcio Militar. Por Servicio Militar.\" class=\"read-more\" href=\"https:\/\/isfd160-bue.infd.edu.ar\/sitio\/art-114-k-y-l-examen-para-el-servcio-militar-por-servicio-militar\/\" aria-label=\"More on Art. 114. K. y L. Examen para el Servcio Militar. Por Servicio Militar.\">[+]<\/a><\/p>\n","protected":false},"author":7,"featured_media":0,"parent":0,"menu_order":0,"comment_status":"closed","ping_status":"closed","template":"","meta":[],"acf":[],"_links":{"self":[{"href":"https:\/\/isfd160-bue.infd.edu.ar\/sitio\/wp-json\/wp\/v2\/pages\/1207"}],"collection":[{"href":"https:\/\/isfd160-bue.infd.edu.ar\/sitio\/wp-json\/wp\/v2\/pages"}],"about":[{"href":"https:\/\/isfd160-bue.infd.edu.ar\/sitio\/wp-json\/wp\/v2\/types\/page"}],"author":[{"embeddable":true,"href":"https:\/\/isfd160-bue.infd.edu.ar\/sitio\/wp-json\/wp\/v2\/users\/7"}],"replies":[{"embeddable":true,"href":"https:\/\/isfd160-bue.infd.edu.ar\/sitio\/wp-json\/wp\/v2\/comments?post=1207"}],"version-history":[{"count":1,"href":"https:\/\/isfd160-bue.infd.edu.ar\/sitio\/wp-json\/wp\/v2\/pages\/1207\/revisions"}],"predecessor-version":[{"id":1920,"href":"https:\/\/isfd160-bue.infd.edu.ar\/sitio\/wp-json\/wp\/v2\/pages\/1207\/revisions\/1920"}],"wp:attachment":[{"href":"https:\/\/isfd160-bue.infd.edu.ar\/sitio\/wp-json\/wp\/v2\/media?parent=1207"}],"curies":[{"name":"wp","href":"https:\/\/api.w.org\/{rel}","templated":true}]}}